hat is 31 - 122221?
-122130
In base 5, what is -13 - -434140?
434122
In base 9, what is -1781 + 182?
-1588
In base 16, what is 43050 - 4?
4304c
In base 13, what is 8b6 - 939?
-53
In base 12, what is -6 + -1395a?
-13964
In base 8, what is -1 + 16451?
16450
In base 11, what is 80014a - -5?
800154
In base 5, what is -22 + -11204?
-11231
In base 2, what is 1101101011111000 + -1?
1101101011110111
In base 12, what is 714171 - -4?
714175
In base 16, what is -3 + 5bb?
5b8
In base 2, what is 11011 - 11001101001?
-11001001110
In base 3, what is 1100110 + 1?
1100111
In base 5, what is -314 + -203?
-1022
In base 13, what is -28cb0 + 13?
-28c9a
In base 2, what is -111000001111011010110 + -10?
-111000001111011011000
In base 11, what is -56a - 36a1?
-4160
In base 9, what is 314431 - 22?
314408
In base 14, what is -413 - 151?
-564
In base 14, what is aa0 + 470?
1130
In base 4, what is -11 + -10303122?
-10303133
In base 9, what is -21148 + -11?
-21160
In base 12, what is -180 - -262?
a2
In base 11, what is 170a8 - -4?
17101
In base 4, what is 30320223220 + -11?
30320223203
In base 9, what is -21536 - -8?
-21527
In base 9, what is 1 + -10687?
-10686
In base 7, what is 0 + 135250?
135250
In base 8, what is 320 + 137?
457
In base 11, what is 1a08 + 93?
1aa0
In base 16, what is -93 - -87?
-c
In base 13, what is 3 - -9291?
9294
In base 5, what is -2140214 - -4?
-2140210
In base 6, what is 225 - -505355?
510024
In base 13, what is -93 + 139?
76
In base 11, what is 1 - 5993?
-5992
In base 12, what is 105a - -10?
106a
In base 10, what is -2 - -59846?
59844
In base 4, what is -302 + -120013?
-120321
In base 11, what is -2 - -18173?
18171
In base 2, what is -10100000000 - 11?
-10100000011
In base 10, what is 116 - -34?
150
In base 9, what is -13 + 15670?
15656
In base 3, what is 2022 - 10000?
-201
In base 9, what is 5 - 487181?
-487175
In base 14, what is 4 + -70b7?
-70b3
In base 3, what is -2 + 100202110?
100202101
In base 15, what is 34 - 55b?
-527
In base 13, what is -1 - -b34c7?
b34c6
In base 7, what is 14203 - 11?
14162
In base 16, what is -20bc - -1?
-20bb
In base 11, what is -216 + -1780?
-1996
In base 12, what is 46aa8 + 0?
46aa8
In base 11, what is 6 - 13706?
-13700
In base 8, what is 13 - -157213?
157226
In base 6, what is 10 + -13414?
-13404
In base 3, what is -12020000001 + 1?
-12020000000
In base 13, what is -5 + 55280a?
552805
In base 15, what is -63 + 25?
-3d
In base 5, what is 340 - -3122?
4012
In base 7, what is 1046055 + -5?
1046050
In base 15, what is -a9914 + 1?
-a9913
In base 12, what is 4 - -513b8b?
513b93
In base 3, what is -1011 - 21100202?
-21101220
In base 2, what is -1 + 10001001100001100?
10001001100001011
In base 9, what is -481518 + 2?
-481516
In base 2, what is -1001110111 - -1000101000?
-1001111
In base 16, what is -351 - c?
-35d
In base 9, what is 16 + 1075?
1102
In base 12, what is 3 - -13074?
13077
In base 5, what is -3 + -3432240?
-3432243
In base 8, what is 12 - -15305?
15317
In base 3, what is 1 - 10011121?
-10011120
In base 3, what is -1000 + -210222122?
-211000122
In base 16, what is -4acc - -53?
-4a79
In base 6, what is 1535341 - -54?
1535435
In base 16, what is -c6 + e6b?
da5
In base 2, what is 10 + 11011011000110?
11011011001000
In base 10, what is -541 + 175?
-366
In base 13, what is 11a + -188?
-6b
In base 9, what is -1888 - -35?
-1853
In base 11, what is 45 + -11946?
-11901
In base 12, what is -1 + -706?
-707
In base 2, what is -100101000111 + -10110?
-100101011101
In base 11, what is 3 - 78073?
-78070
In base 8, what is 42460 + 24?
42504
In base 4, what is -12022221 - 0?
-12022221
In base 3, what is -1000100122220 + -12?
-1000100200002
In base 4, what is 1 + 132301001?
132301002
In base 12, what is -a91 + -6?
-a97
In base 16, what is -3 - 15f82?
-15f85
In base 10, what is -4399 + -4?
-4403
In base 4, what is 30211301101 + -1?
30211301100
In base 7, what is 3201666 - -12?
3202011
In base 10, what is 876672 - 3?
876669
In base 7, what is -5 - 2433615?
-2433623
In base 5, what is -110 + 303434?
303324
In base 8, what is -531 - -17?
-512
In base 10, what is -644620 - -1?
-644619
In base 12, what is 8a633 - 3?
8a630
In base 13, what is -28c8 - -cc?
-27c9
In base 7, what is 45 + 254?
332
In base 5, what is 101 + -41200?
-41044
In base 9, what is 156540 + 5?
156545
In base 11, what is -44a766 - 0?
-44a766
In base 4, what is -131032121 + 10?
-131032111
In base 6, what is 3 + -5041210?
-5041203
In base 11, what is -9 - -23743?
23735
In base 12, what is 1b05 + 193?
2098
In base 13, what is -200 - 6b0?
-8b0
In base 2, what is -101 - -1101100111110011?
1101100111101110
In base 13, what is 3 + a69a?
a6a0
In base 5, what is 33424 - -21?
34000
In base 2, what is -110100111 + 1100000011?
101011100
In base 6, what is -3 - -110422?
110415
In base 8, what is -2504 + -3?
-2507
In base 5, what is 421233 + -1112?
420121
In base 13, what is -3 - 366c?
-3672
In base 13, what is c50 - -b1?
1031
In base 11, what is 1169027 + 5?
1169031
In base 13, what is -1c + -2932?
-2951
In base 10, what is -1 - -277?
276
In base 7, what is 253624 + -14?
253610
In base 14, what is 3702 - -7?
3709
In base 6, what is -1131 - -404?
-323
In base 6, what is -400 - -1500?
1100
In base 10, what is 233 + 751?
984
In base 8, what is -6723 + -31?
-6754
In base 3, what is 101 - 1210112021?
-1210111220
In base 5, what is 102 + -11100?
-10443
In base 2, what is 1100000 + -1010010?
1110
In base 15, what is 586 + -718?
-182
In base 2, what is 10 - -11001001100111?
11001001101001
In base 4, what is 33210 + 30211?
130021
In base 14, what is -2d753 + -d?
-2d762
In base 8, what is 2636 - -23?
2661
In base 7, what is -2062413 - 3?
-2062416
In base 2, what is -1 - -1001111000101011?
1001111000101010
In base 10, what is -2885 + 192?
-2693
In base 6, what is -134 - -355?
221
In base 15, what is 3 + cd9d?
cda1
In base 8, what is 25673717 - 0?
25673717
In base 3, what is -1002 - -102010?
101001
In base 5, what is -3402 - -403?
-2444
In base 7, what is -42433 + 214?
-42216
In base 6, what is 10121411 + -4?
10121403
In base 10, what is -331 - 91?
-422
In base 3, what is 21211 - 20022?
1112
In base 14, what is -60968 - 0?
-60968
In base 5, what is 1342241 - -132?
1342423
In base 4, what is 2020113 + -321?
2013132
In base 13, what is -48 + 133c?
12c4
In base 11, what is 1 + -45309?
-45308
In base 15, what is -1 + -6b31?
-6b32
In base 13, what is -834a - 3b?
-8388
In base 2, what is -10110010101011 + -11?
-10110010101110
In base 9, what is -130 + -1416?
-1546
In base 12, what is 700 + -1a2a?
-132a
In base 5, what is 10120 + -1034?
4031
In base 3, what is 22222112122 - 12?
22222112110
In base 9, what is 16606 + 27?
16634
In base 16, what is 4 - -7a5cd?
7a5d1
In base 13, what is -62 + -822?
-884
In base 3, what is -222220 - -211?
-222002
In base 8, what is -15 - -1007?
772
In base 7, what is -14 - 1153?
-1200
In base 10, what is 1 - 4934?
-4933
In base 4, what is -1310321 + 10302?
-1300013
In base 14, what is a228 - -24?
a24c
In base 14, what is -1 - 4d62?
-4d63
In base 3, what is -2 - -1002111120121?
1002111120112
In base 7, what is -112 - -11320?
11205
In base 7, what is -44256 - 0?
-44256
In base 3, what is -1201021101210 + 10?
-1201021101200
In base 8, what is 3 + 27121?
27124
In base 5, what is -1 - -4432?
4431
In base 8, what is 5 + -6743?
-6736
In base 14, what is -22d8 + 13?
-22c5
In base 14, what is 197 - -754?
90b
In base 15, what is 5de6 + 5?
5deb
In base 10, what is -6892 - 0?
-6892
In base 16, what is -2db1 - 1?
-2db2
In base 4, what is -2110013131 - -1?
-2110013130
In base 8, what is 34101 + 3?
34104
In base 14, what is -2b2 + -45?
-317
In base 15, what is 2c3e - 1e3?
2a4b
In base 6, what is -32504530 + 2?
-32504524
In base 2, what is -1111110010110111 - 10?
-1111110010111001
In base 13, what is -b - -347b?
3470
In base 2, what is -1110 + -11100001001010?
-11100001011000
In base 13, what is 3a7695 - 2?
3a7693
In base 9, what is 20802 + 4?
20806
In base 5, what is 2420 + 24402?
32322
In base 4, what is 131320 - 233?
131021
In base 11, what is 9 - 4080?
-4072
In base 5, what is -20031 + 2222?
-12304
In base 14, what is -b9 + -11a?
-1d5
In base 10, what is -73914 + 3?
-73911
In base 4, what is 10131301 + 0?
10131301
In base 13, what is -2cc - 28?
-327
In base 14, what is 1c + 47